[INFO] cloning repository https://github.com/IceSentry/chip8-rs
[INFO] running `Command { std: "git" "-c" "credential.helper=" "-c" "credential.helper=/workspace/cargo-home/bin/git-credential-null" "clone" "--bare" "https://github.com/IceSentry/chip8-rs" "/workspace/cache/git-repos/https%3A%2F%2Fgithub.com%2FIceSentry%2Fchip8-rs", kill_on_drop: false }`
[INFO] [stderr] Cloning into bare repository '/workspace/cache/git-repos/https%3A%2F%2Fgithub.com%2FIceSentry%2Fchip8-rs'...
[INFO] running `Command { std: "git" "rev-parse" "HEAD", kill_on_drop: false }`
[INFO] [stdout] e1f963a5b16d1fc14c6222511eaf6e17791dcf9a
[INFO] checking IceSentry/chip8-rs against master#af3c6e733a40e671550e0f0f5aeecaa13772ba56 for pr-74989
[INFO] running `Command { std: "git" "clone" "/workspace/cache/git-repos/https%3A%2F%2Fgithub.com%2FIceSentry%2Fchip8-rs" "/workspace/builds/worker-2/source", kill_on_drop: false }`
[INFO] [stderr] Cloning into '/workspace/builds/worker-2/source'...
[INFO] [stderr] done.
[INFO] validating manifest of git repo https://github.com/IceSentry/chip8-rs on toolchain af3c6e733a40e671550e0f0f5aeecaa13772ba56
[INFO] running `Command { std: "/workspace/cargo-home/bin/cargo" "+af3c6e733a40e671550e0f0f5aeecaa13772ba56" "read-manifest" "--manifest-path" "Cargo.toml", kill_on_drop: false }`
[INFO] started tweaking git repo https://github.com/IceSentry/chip8-rs
[INFO] finished tweaking git repo https://github.com/IceSentry/chip8-rs
[INFO] tweaked toml for git repo https://github.com/IceSentry/chip8-rs written to /workspace/builds/worker-2/source/Cargo.toml
[INFO] crate git repo https://github.com/IceSentry/chip8-rs already has a lockfile, it will not be regenerated
[INFO] running `Command { std: "/workspace/cargo-home/bin/cargo" "+af3c6e733a40e671550e0f0f5aeecaa13772ba56" "fetch" "--locked" "--manifest-path" "Cargo.toml", kill_on_drop: false }`
[INFO] running `Command { std: "docker" "create" "-v" "/var/lib/crater-agent-workspace/builds/worker-2/target:/opt/rustwide/target:rw,Z" "-v" "/var/lib/crater-agent-workspace/builds/worker-2/source:/opt/rustwide/workdir:ro,Z" "-v" "/var/lib/crater-agent-workspace/cargo-home:/opt/rustwide/cargo-home:ro,Z" "-v" "/var/lib/crater-agent-workspace/rustup-home:/opt/rustwide/rustup-home:ro,Z" "-e" "SOURCE_DIR=/opt/rustwide/workdir" "-e" "CARGO_TARGET_DIR=/opt/rustwide/target" "-e" "CARGO_HOME=/opt/rustwide/cargo-home" "-e" "RUSTUP_HOME=/opt/rustwide/rustup-home" "-w" "/opt/rustwide/workdir" "-m" "1610612736" "--user" "0:0" "--network" "none" "rustops/crates-build-env@sha256:d92eaeed33fa75130ca1ee6c8a01d1ffb62bac859dfdfb3450e3e5d1c0146529" "/opt/rustwide/cargo-home/bin/cargo" "+af3c6e733a40e671550e0f0f5aeecaa13772ba56" "metadata" "--no-deps" "--format-version=1", kill_on_drop: false }`
[INFO] [stdout] 3de61edea0a4acc3e29bcb26926e8abff87bf11a8ba61a1917aaca8b272cd395
[INFO] [stderr] WARNING: Your kernel does not support swap limit capabilities or the cgroup is not mounted. Memory limited without swap.
[INFO] running `Command { std: "docker" "start" "-a" "3de61edea0a4acc3e29bcb26926e8abff87bf11a8ba61a1917aaca8b272cd395", kill_on_drop: false }`
[INFO] running `Command { std: "docker" "inspect" "3de61edea0a4acc3e29bcb26926e8abff87bf11a8ba61a1917aaca8b272cd395", kill_on_drop: false }`
[INFO] running `Command { std: "docker" "rm" "-f" "3de61edea0a4acc3e29bcb26926e8abff87bf11a8ba61a1917aaca8b272cd395", kill_on_drop: false }`
[INFO] [stdout] 3de61edea0a4acc3e29bcb26926e8abff87bf11a8ba61a1917aaca8b272cd395
[INFO] running `Command { std: "docker" "create" "-v" "/var/lib/crater-agent-workspace/builds/worker-2/target:/opt/rustwide/target:rw,Z" "-v" "/var/lib/crater-agent-workspace/builds/worker-2/source:/opt/rustwide/workdir:ro,Z" "-v" "/var/lib/crater-agent-workspace/cargo-home:/opt/rustwide/cargo-home:ro,Z" "-v" "/var/lib/crater-agent-workspace/rustup-home:/opt/rustwide/rustup-home:ro,Z" "-e" "SOURCE_DIR=/opt/rustwide/workdir" "-e" "CARGO_TARGET_DIR=/opt/rustwide/target" "-e" "CARGO_INCREMENTAL=0" "-e" "RUST_BACKTRACE=full" "-e" "RUSTFLAGS=--cap-lints=forbid" "-e" "CARGO_HOME=/opt/rustwide/cargo-home" "-e" "RUSTUP_HOME=/opt/rustwide/rustup-home" "-w" "/opt/rustwide/workdir" "-m" "1610612736" "--user" "0:0" "--network" "none" "rustops/crates-build-env@sha256:d92eaeed33fa75130ca1ee6c8a01d1ffb62bac859dfdfb3450e3e5d1c0146529" "/opt/rustwide/cargo-home/bin/cargo" "+af3c6e733a40e671550e0f0f5aeecaa13772ba56" "check" "--frozen" "--all" "--all-targets" "--message-format=json", kill_on_drop: false }`
[INFO] [stdout] 6d2f7e8ffd48d28f2709105feb162b34527095118926e4a3614e63703ca8732f
[INFO] [stderr] WARNING: Your kernel does not support swap limit capabilities or the cgroup is not mounted. Memory limited without swap.
[INFO] running `Command { std: "docker" "start" "-a" "6d2f7e8ffd48d28f2709105feb162b34527095118926e4a3614e63703ca8732f", kill_on_drop: false }`
[INFO] [stderr]     Checking chip8-rs v0.1.0 (/opt/rustwide/workdir)
[INFO] [stdout] error[E0583]: file not found for module `chip_8`
[INFO] [stdout]  --> src/main.rs:1:1
[INFO] [stdout]   |
[INFO] [stdout] 1 | mod chip_8;
[INFO] [stdout]   | ^^^^^^^^^^^
[INFO] [stdout]   |
[INFO] [stdout]   = help: to create the module `chip_8`, create file "src/chip_8.rs"
[INFO] [stdout] 
[INFO] [stdout] 
[INFO] [stdout] error[E0432]: unresolved import `chip_8::CPU`
[INFO] [stdout]  --> src/main.rs:3:5
[INFO] [stdout]   |
[INFO] [stdout] 3 | use chip_8::CPU;
[INFO] [stdout]   |     ^^^^^^^^^^^ no `CPU` in `chip_8`
[INFO] [stdout] 
[INFO] [stdout] 
[INFO] [stdout] error[E0583]: file not found for module `chip_8`
[INFO] [stdout]  --> src/main.rs:1:1
[INFO] [stdout]   |
[INFO] [stdout] 1 | mod chip_8;
[INFO] [stdout]   | ^^^^^^^^^^^
[INFO] [stdout]   |
[INFO] [stdout]   = help: to create the module `chip_8`, create file "src/chip_8.rs"
[INFO] [stdout] 
[INFO] [stdout] 
[INFO] [stdout] error[E0432]: unresolved import `chip_8::CPU`
[INFO] [stdout]  --> src/main.rs:3:5
[INFO] [stdout]   |
[INFO] [stdout] 3 | use chip_8::CPU;
[INFO] [stdout]   |     ^^^^^^^^^^^ no `CPU` in `chip_8`
[INFO] [stdout] 
[INFO] [stdout] 
[INFO] [stderr] error: could not compile `chip8-rs`.
[INFO] [stdout] error: aborting due to 2 previous errors
[INFO] [stdout] 
[INFO] [stdout] 
[INFO] [stderr] 
[INFO] [stdout] Some errors have detailed explanations: E0432, E0583.
[INFO] [stdout] 
[INFO] [stderr] To learn more, run the command again with --verbose.
[INFO] [stdout] For more information about an error, try `rustc --explain E0432`.
[INFO] [stdout] 
[INFO] [stderr] warning: build failed, waiting for other jobs to finish...
[INFO] [stdout] error: aborting due to 2 previous errors
[INFO] [stdout] 
[INFO] [stdout] 
[INFO] [stdout] Some errors have detailed explanations: E0432, E0583.
[INFO] [stdout] 
[INFO] [stdout] For more information about an error, try `rustc --explain E0432`.
[INFO] [stdout] 
[INFO] [stderr] error: build failed
[INFO] running `Command { std: "docker" "inspect" "6d2f7e8ffd48d28f2709105feb162b34527095118926e4a3614e63703ca8732f", kill_on_drop: false }`
[INFO] running `Command { std: "docker" "rm" "-f" "6d2f7e8ffd48d28f2709105feb162b34527095118926e4a3614e63703ca8732f", kill_on_drop: false }`
[INFO] [stdout] 6d2f7e8ffd48d28f2709105feb162b34527095118926e4a3614e63703ca8732f
